4/(-6). Let w be 1/3 - (-188)/f. What is the highest common factor of w and 9?
9
Let z(b) = b**2 - 6*b - 12. Let t be z(9). Calculate the greatest common factor of t and 10.
5
Suppose 896 = 8*h - h. Calculate the highest common divisor of 8 and h.
8
Let r be (0 + -1)*(1 + -1). Suppose 5 + r = g. Suppose 0 = 4*h + 8, -4*h = 4*w - 16 - 136. Calculate the highest common divisor of g and w.
5
Let y(v) = -4*v**2 + 0 + 6*v + v**2 - 4 + 0 - v**3. Let s be y(-5). What is the highest common divisor of s and 176?
16
Suppose 0 = -3*f + 8*f - 20. Let y be 4/f*(-66)/(-2). Suppose -3*c = o - 0*o - y, 2*c - 21 = -o. Calculate the greatest common factor of c and 24.
12
Let m be (-8)/14 + 66/42. What is the greatest common factor of m and 4?
1
Suppose -9*r + 183 = -177. Calculate the highest common divisor of 16 and r.
8
Let p be ((-3)/(-9))/((-1)/(-15)). Suppose 90 = 5*w - 5*u, 0 = -p*w - 7*u + 4*u + 82. Calculate the highest common divisor of w and 68.
17
Let c be 592/32 + (-1)/2. Suppose -4*x + 165 = 3*r - 317, 4*r = -4*x + 644. Calculate the highest common factor of r and c.
18
Suppose 30 = 6*q - 3*q. Calculate the greatest common factor of q and 5.
5
Suppose -3*v + 6*v - 39 = 0. Suppose 48 = p - 17. What is the greatest common divisor of p and v?
13
Let v = -21 + 24. What is the greatest common factor of 2 and v?
1
Let j be (-6)/(-9) - 1290/(-9). Calculate the greatest common factor of 16 and j.
16
Let x(t) = t**3 + t - 14. Let y be x(0). Let z = -11 - y. Calculate the highest common divisor of z and 27.
3
Let s(i) be the third derivative of i**6/120 + i**5/10 + i**4/4 + i**3 - 3*i**2. Let o be s(-4). What is the greatest common factor of o and 28?
14
Let n(j) = -j**3 - 4*j**2. Let v be n(-4). Suppose 4*i - 3*i - 1 = v. What is the greatest common divisor of i and 4?
1
Let h(s) = -s**3 + 4*s**2 - 4*s + 6. Let q be h(4). Let a = q - -14. Suppose -2 = i - a. What is the highest common divisor of i and 14?
2
Let a(g) = -g**3 - g**2 + g - 1. Let t be a(-2). What is the greatest common divisor of 3 and t?
1
Suppose 1 = -5*k + 91. Calculate the greatest common factor of 2 and k.
2
Suppose 0 = -3*x + 4*x - 21. Suppose 5*y - 26 = 6*y. Let d be 37/13 - 4/y. What is the greatest common factor of d and x?
3
Let g be 6*(-6)/8*40/(-15). What is the highest common divisor of g and 36?
12
Let u(r) = -r - 4. Let w be u(-8). Suppose d - 27 = 2*s, w*d = -3*s - 5 - 41. Let x be (0 - 7)*4/s. What is the highest common factor of 6 and x?
2
Let r(v) = -1 - 3 - 4*v + v**2 - 1. Let j be r(5). Suppose j*l + l = 4. Calculate the highest common divisor of 6 and l.
2
Suppose 2*y = 6*y - 24. Let g = y + -4. Suppose g*t - 3*u + 7 = 45, -4*t + 60 = -2*u. Calculate the highest common divisor of t and 52.
13
Let c = 6 + -6. Let a = c + 3. Suppose -a*z + 11 + 34 = 0. What is the greatest common factor of z and 165?
15
Let b be ((-15)/6)/(2/(-20)). What is the greatest common factor of b and 100?
25
Let o(m) = 6*m**2 - 4*m + 6. Let q be o(-5). Calculate the greatest common divisor of 16 and q.
16
Let l = -10 + 27. Suppose 4 = -y, 5*k - 3*y - 17 = 10. Suppose k*p + p - 56 = -2*h, 2*p = 5*h - 176. Calculate the greatest common divisor of h and l.
17
Let s be 4/(-22) - 136/(-22). Let j be 1169/21 + 2/s. Suppose -j + 218 = 3*g. Calculate the highest common factor of g and 6.
6
Let u(j) = -112*j + 1. Let w(x) = -x - 13. Let v be w(-11). Let k be u(v). Calculate the greatest common factor of 25 and k.
25
Let p(b) = -5*b - 18. Let a be p(-6). What is the greatest common divisor of 36 and a?
12
Let r(y) be the second derivative of y**5/20 + 7*y**4/12 + y**3/3 - 2*y**2 - 9*y. Let x be r(-6). What is the highest common factor of 50 and x?
10
Suppose -5*x = -0*x - 60. Calculate the greatest common divisor of x and 18.
6
Suppose -j = 3*j - 16. Suppose -3*r + 121 = -n, -r - 3*n = -j*r + 123. What is the greatest common divisor of r and 60?
20
Suppose -w + 2*w = -14. Let k(g) = -g**2 - 18*g - 6. Let p be k(w). What is the greatest common factor of p and 10?
10
Let c(i) = -2*i**3 - i**2 + 2*i. Let s be c(-2). Let v be s - ((1 - 1) + -3). Calculate the greatest common factor of 77 and v.
11
Suppose 0*y = -4*m + y - 10, -4*m - y - 6 = 0. Let s be (m - 0)*(-3 - 2). Calculate the highest common divisor of s and 15.
5
Let a(n) = -n**3 + 14*n**2 + n + 14. Let u be a(14). What is the highest common divisor of 4 and u?
4
Let j be (368/5)/4 - (-4)/(-10). Calculate the greatest common factor of 9 and j.
9
Let o be 9 + 2 - (-3 + 1). Let i(d) = -d + 14. Let v be i(o). Calculate the highest common factor of 6 and v.
1
Let q = 110 - 41. Calculate the highest common divisor of 46 and q.
23
Let n = 6 - 0. Let r be (-32)/(-20)*(27 + 3). What is the highest common factor of n and r?
6
Let q(u) = -3*u. Let a be q(1). Let l be (6 + -2)*(148 + a). Suppose -5*j = 10, -5*y = 5*j - l - 235. Calculate the highest common divisor of 15 and y.
15
Let x be (-4)/18 - 7514/(-117). Calculate the highest common divisor of x and 8.
8
Let f be 6/18*168/4. What is the highest common divisor of f and 14?
14
Let h be -1 - (0 + -23 - 0). Calculate the greatest common divisor of 33 and h.
11
Suppose -3*j + 2*j + 76 = 3*q, 0 = 3*j - 12. Let f be (-13 + 0 + 1)*-1. What is the greatest common divisor of f and q?
12
Let h = 8 + 28. Let k(r) = r**2 + 25*r - 30. Let j be k(-27). Calculate the highest common divisor of h and j.
12
Let q = 437 + -151. What is the greatest common factor of 26 and q?
26
Let s be 4/(-3 + 7) + 4. Suppose 0 = 5*f - s*o - 805, 316 = 3*f - f + 4*o. What is the highest common factor of f and 64?
32
Suppose -4*g + 44 = 4*q, 2*q = 7*q + 4*g - 56. Let h(z) = z**2 - 1. Let r be h(5). Suppose 0*w - 2*w = -r. What is the greatest common divisor of q and w?
12
Let f = 8 - 6. Suppose 0 = 5*a + 4*j - 59 + 9, j = -f*a + 23. Let h = 277 - 151. Calculate the greatest common factor of h and a.
14
Suppose j = -5*f + 120, -f - j = -3*j - 24. What is the greatest common factor of f and 84?
12
Let h be 6/(-18) - 32/(-6). Suppose 2*u = u + h. Suppose 0 = u*n + 2*r - 30, 3 = n - 4*r - 3. What is the greatest common divisor of 30 and n?
6
Let t = 16 - 4. What is the greatest common factor of 12 and t?
12
Suppose -a - 2 = -6. Suppose -192 = -0*u - a*u. Let t = 11 - -1. What is the highest common factor of t and u?
12
Suppose 73 = 2*k + 1. Suppose -2*p + t = -p - 30, -2*t + k = p. Suppose -v + p = -0. Calculate the highest common factor of 4 and v.
4
Let a be 1 + (32 - (1 - 3)). What is the highest common factor of a and 7?
7
Suppose 5*m + 4*f = 515, 0 = -0*m - m - 4*f + 119. What is the greatest common factor of 11 and m?
11
Let m be 37/3 - (-4)/6. Calculate the highest common factor of m and 13.
13
Suppose 0 = 5*h + 5*w - 550, -2*h = w - 4*w - 225. Let t = h + -30. Calculate the highest common divisor of 27 and t.
27
Let i = -8 - -16. Let q be (0 - 4/i)*-42. Calculate the highest common factor of 42 and q.
21
Let q(t) = 2*t + 25. Let a be q(-12). What is the greatest common factor of 1 and a?
1
Suppose -2*y = -3*y + 16. Suppose -u - y = -3*u. What is the greatest common divisor of 56 and u?
8
Let n(d) = -d**3 - 7*d**2 - d - 2. Suppose p - 5*j - 10 = -2, 2*p - 4*j = -2. Let o be n(p). Calculate the greatest common divisor of 25 and o.
5
Suppose -3*l - 15 = -4*l. Suppose -5*i = -l - 60. Calculate the greatest common factor of i and 45.
15
Suppose 3*n = -4*u + 299, 264 = 4*u - n - 47. Let j = 4 + -4. Suppose j*c + 4*c = -3*q + 13, 0 = -4*q - c + 26. What is the greatest common factor of q and u?
7
Suppose 3*y = 3*p + 57, 5*y - 72 = y + 2*p. Let k(l) = 3*l**2 + 2*l + 1. Let f be k(3). Calculate the highest common divisor of y and f.
17
Let f = -14 + 16. Calculate the greatest common divisor of f and 2.
2
Suppose -3 = -w + 27. Let i(v) = -v**2 - 8*v + 6. Let n be i(-8). Suppose -s - 100 = -n*s. What is the highest common divisor of w and s?
10
Let r be 28/7 + (1 - -66) + -1. What is the highest common divisor of 10 and r?
10
Let d = -67 + 76. Calculate the greatest common divisor of d and 1.
1
Suppose 5*j = -0*j + 15. What is the highest common divisor of j and 24?
3
Let p = 11 + -6. Let x = -15 + 18. Suppose -3 = -x*k, -t + 0*t + 4*k + 21 = 0. What is the greatest common divisor of t and p?
5
Let i(k) = 4*k - 4. Let v be i(6). Suppose 0 = -0*g 